ive t(16).
-2
Let z(k) = 13*k - 44 + 7*k + 2*k**2 + 28 - 9*k - 90. What is z(5)?
-1
Suppose -10 = -3*q + 5. Let h(s) = -q - 4*s + 11 + 4. Give h(-7).
38
Let f(c) = -5*c**2 + 16*c + 13. Let y = -23544 - -23548. Determine f(y).
-3
Let v(l) be the third derivative of l**7/840 + l**6/72 + l**5/60 - l**4/8 + 6*l**3 - 63*l**2. Let t(w) be the first derivative of v(w). What is t(-3)?
9
Let g(x) = 8*x**2 - 11*x**2 + 4 + 9*x**2 + 4*x - 1. Suppose 55*y = 35*y - 60. Calculate g(y).
45
Let n(j) = j**3 + 7*j**2 - 8*j + 3. Let l(o) = -11*o - 4*o**2 + 3*o**2 + 3*o - 12*o - 12. Let f be l(-15). Let v be ((-6)/4)/((f/(-48))/(-7)). Determine n(v).
3
Let l(i) = 4*i - 1 - 7 + 34 - 25. Determine l(7).
29
Suppose -m = 1 - 3, 2*m + 100 = -2*j. Let n = -32 - j. Let k = -16 + n. Let i(l) = -l**3 + 5*l**2 - 6*l + 4. Calculate i(k).
-4
Suppose 4*s - 3*n = -8*n + 33, -30 = -5*s - 4*n. Suppose -53 = -s*u - 17. Suppose -15*y = -u*y + 12. Let l(m) = -m**3 + 5*m**2 - 2*m. What is l(y)?
8
Let q(b) be the first derivative of -b**3/3 - b**2/2 + 3*b + 2. Let h be (9 + -18 - (-126)/14)/2. Give q(h).
3
Let t(x) be the first derivative of x**4/12 + 7*x**3/6 - x**2/2 + 10*x - 47. Let o(y) be the first derivative of t(y). Give o(-7).
-1
Let z(d) = 26*d - 14. Let n(f) = -3*f + 1. Let y(h) = -36*n(h) - 4*z(h). What is y(-4)?
4
Suppose -100 = -3*d + 4*x, 6*d - 92 = 3*d - 4*x. Suppose 14*i + d = -94. Let w(r) = r**3 + 8*r**2 - 12*r - 10. What is w(i)?
17
Let n = -129 + 240. Let x(q) = 19 - n*q**3 - 4*q**2 + 3*q**2 - q + 112*q**3. What is x(0)?
19
Let w(b) = -5*b. Let j be w(-1). Let r be (-2)/(-15) - 176/(-30). Let q(f) = 1 - 16*f - r - f**2 + 12*f + 9*f. What is q(j)?
-5
Let a = -7 + -35. Let g = 46 + a. Let k(i) = 1 - 3 + i + g. What is k(-5)?
-3
Let b(u) be the first derivative of -u**7/840 - u**6/90 + u**5/10 - u**4/12 + u**3/3 + 26*u - 241. Let f(x) be the third derivative of b(x). Calculate f(-6).
-2
Let d(z) = -2*z + 7. Let s be 10 + -12 - (-7 + 2). Let a be s/(-7)*(-189)/9. Give d(a).
-11
Let d(c) = -5*c**2 - 3*c - 1. Let m(t) = t**2. Let q(l) = -d(l) - 6*m(l). Let k = 22 - 28. Let g be (14/21)/(k/(-27)). Determine q(g).
1
Let i(r) = -2*r + 1. Suppose -2*x - 3*q - 137 - 129 = 0, 4*x = 3*q - 550. Let l = -142 - x. What is i(l)?
13
Let s(m) = 26 - 5484*m + 5487*m - 9. What is s(12)?
53
Let b be (-103917)/(-27) + -4 + 190/45. Let o(t) = 2*t**2 + 2*t - b + 0*t**2 + 5*t**3 + 3850. Give o(-1).
-4
Suppose 3*m - 5*h = 5, -m + 2*h = -10 + 9. Suppose 0 = 6*a - a - m. Let n(u) = -9*u**2 + 2*u - 1. Give n(a).
-8
Let m(z) = z**3 + 15*z**2 + 10*z - 22. Suppose -2*u + 5*b + 11 = -12, 3*u + 3*b = -18. Let c(v) = v + 1. Let q(k) = u*m(k) - 3*c(k). Give q(-14).
5
Let g(v) = -v**2 - 19*v - 89. Let s be g(-12). Suppose -5*f + 0*f + f = 0. Let d(t) = -t**3 + 3 - 5*t**2 - t + f*t - 7 - 3*t. Determine d(s).
16
Let u(n) = n**2 - 3*n - 5. Let h(r) = 2*r**2 - 4*r - 8. Let v(i) = -5*h(i) + 8*u(i). Suppose 588 = 22*o - 169*o. Calculate v(o).
-16
Let h(g) = -39*g - 317. Let n(j) = -44*j - 321. Let c(v) = 7*h(v) - 6*n(v). Determine c(-33).
4
Let j(x) = x**3 - 33*x**2 + 65*x - 98. Let n be j(31). Let p(m) = -m**2 - 6*m + 5. Give p(n).
10
Let f(y) = -y. Let p(a) = 58*a + 4 - 3 - 55*a + 0. Let c(h) = 6*f(h) + p(h). Calculate c(-1).
4
Let b(x) = 4*x**3 + 4*x**3 + x + 12 - 9*x**2 - 4*x**3 - 5*x**3. Let y be b(-9). Let s(h) = 2*h**2 + 71 - 80 + h**y - 3*h + 4*h**2. Determine s(-6).
9
Suppose -3*k = -27 + 9. Let f(v) = 220 - 108 - 111 - k*v. Suppose -2*x - 5*u + 27 = 0, 2*u = x + u + 4. Determine f(x).
-5
Suppose 43*n + 76 = 24*n. Let p(r) be the first derivative of r**2 - r - 1 - 4/3*r**3 - 1/4*r**4. Determine p(n).
-9
Let t(a) = 2*a**3 - 4*a + 25. Let k(h) = 12*h + 24. Let f be k(-2). Calculate t(f).
25
Let s be 1*5 + 5 + -2 + -6. Suppose -7 = -5*b - s. Let y(q) = 4*q - 1. Give y(b).
3
Let g be (-12)/(156/(-143)) + (1 - 5). Let q(h) = -h - 5. Calculate q(g).
-12
Suppose 58*i = 67*i. Suppose 12*r - 16*r = 2*j - 32, i = 4*r + 3*j - 36. Let d(l) = -l**2 + 4*l - 1. Give d(r).
-13
Let s(k) be the first derivative of k**4/4 - 3*k**3 + k**2 - 16*k + 40. Let f be s(9). Let w(b) = b**3 - 4*b**2 + 3*b. Give w(f).
-2
Let j(t) = t**3 - 11*t**2 - 29*t + 28. Let k be 6/(-27) - (-238)/18. Let b be j(k). Let f(p) = p**2 + 10*p - 14. Give f(b).
-3
Let j(t) = 2520*t**2 + 4*t**3 + t - 5*t**3 - 2515*t**2 - 2. Suppose -5*c + 35 = -5*r, 1 = 4*r + 17. Suppose -10 = d - c*d. Determine j(d).
3
Let k(m) = m**2 - 16*m - 129. Let z(u) = u**2 - 22*u - 124. Let h(q) = -3*k(q) + 2*z(q). Calculate h(14).
-1
Let y(q) = -468 - 19*q - 6*q + 30*q - 10*q**2 + q**3 + 416. Give y(10).
-2
Let b be (760/(-60) - -11)*-3*(-4)/(-5). Let v(y) = -13*y + 2. Determine v(b).
-50
Let a(u) = -51*u + 2*u**2 + 25 - 3*u**2 + 23*u - 3 + 79. Calculate a(-31).
8
Suppose -16*x = -469 + 405. Let q(g) = 15*g - 4. Calculate q(x).
56
Let g(b) = -b - 1. Let p(q) = q**2 + 19*q - 6. Let a = -72 + 54. Let u be p(a). Let c be ((-1)/(-4))/((-15)/u)*5. What is g(c)?
-3
Let d(y) be the second derivative of y**5/20 - 5*y**4/12 - y**3/2 + 6*y**2 + 3*y + 6. Let w be d(5). Let p(r) = -r**2 - 2*r - 3. What is p(w)?
-6
Let v(n) = n - 21. Let t(x) = -x**2 + 46*x - 433. Let a be t(14). Determine v(a).
-6
Let o(w) be the first derivative of w**4/4 - 2*w**3/3 + w**2/2 - 15. Let j(b) = b**2 + 6*b - 6. Let s(g) = -j(g) + o(g). What is s(4)?
2
Let l(s) = 4*s**3 - s. Let d(o) = -o + 0*o - 3 - 3. Suppose 0 = -124*v + 78 - 698. Let g be d(v). Give l(g).
-3
Let d be 6/60 + (684/(-40))/(-9). Let z(g) = 2 - g - 11 + 8 + 8*g + 2*g**d + 0. Calculate z(-5).
14
Let y(u) = -2*u**3 + 19*u**2 - 26*u + 76. Let n(z) = z**3 + z**2 + 2*z + 1. Let b(s) = n(s) + y(s). Give b(19).
-18
Let b(w) = w - 1. Let c be (-3)/(-2) + (-306)/(-12). Suppose -4*y + 147 = c. Let t be 36/y*15/(-3). What is b(t)?
-7
Suppose 0 = -8*b - 205 - 467. Let f be (-4 - b/18)/(2/21). Suppose -21 = -f*m - 0*m. Let r(i) = i**3 - 5*i + 2. Give r(m).
14
Let j(q) = 68*q + 8. Let w(i) = -22*i - 3. Let f(m) = -j(m) - 3*w(m). Let a = 3 - 4. Give f(a).
3
Let u(r) be the third derivative of r**5/60 - 7*r**4/24 - 5*r**3/3 - r**2 + 3328*r + 2. Let y(i) = i**2 - i - 5. Let o be y(4). Determine u(o).
-10
Let q(d) = -d - 4. Suppose 4*x + 5*b - 141 = 0, 3*b = -11*x + 10*x + 44. Suppose -x*k = -10*k + 57. Determine q(k).
-1
Let d(b) be the third derivative of -b**6/60 - 7*b**5/20 - 11*b**4/12 + 13*b**3/2 - 9350*b**2. Determine d(-9).
-6
Suppose -41*g + 28 = -45*g + 2*y, -4*g = 4*y + 16. Let m(k) = -k**2 - 7. What is m(g)?
-43
Let p(i) = -7*i - 89. Let n(l) = l + 18. Let f(j) = -5*n(j) - p(j). Suppose 2*t = -3*g - 5, -4*g - t + 0*t = 5. Let y = -2 - g. Determine f(y).
-3
Let m(i) = -42*i - 6. Let h(r) = r**3 - 44*r**2 + r - 44. Let s be h(44). Calculate m(s).
-6
Let x(j) = 2*j - 27. Let l = 12804 - 12793. Give x(l).
-5
Let k(d) = d**3 - 180*d - 256*d + 17 + 444*d + 10*d**2. Determine k(-9).
26
Let o(k) = -19 - 39*k + 17*k + 17*k + 6*k. Let j be o(16). Let h(r) be the first derivative of r**3/3 + 5*r**2/2 - 2*r + 2. Calculate h(j).
-8
Let d(w) = w**3 - 9*w**2 - 10*w + 2. Let q = 26 - 26. Let h be (0 - (q - -38))/2. Let n = h - -29. Determine d(n).
2
Let u(x) be the third derivative of -x**6/120 + 7*x**5/60 - 5*x**4/24 + 5*x**3/6 + 4458*x**2. What is u(4)?
33
Let y(o) = 226*o**2 - 2*o + 225*o**2 - 849*o**2 + 212*o**2 + 219*o**2. Determine y(-1).
35
Let z(a) = a**3 + 7*a**2 - 56*a - 10. Let w(b) = b**3 + 7*b**2 - 68*b - 11. Let k(x) = 5*w(x) - 6*z(x). Let l be (-1*1 + 7)*-1. What is k(l)?
-7
Let v(l) = -3*l + 41. Let p = 1269 + -1255. What is v(p)?
-1
Let k(c) = -c**3 + 4*c**2 - 24. Let m be k(-5). Let r = 199 - m. Let n(t) = 4*t**3 + 2*t**2 - t - 1. What is n(r)?
-23
Let g(c) = 23*c + 9. Let z(d) = 7*d + 3. Let h(v) = -3*g(v) + 11*z(v). Give h(19).
158
Let k(l) = -l**3 + 2*l**2 + 3*l + 3. Suppose -823*q = -794*q + 10 - 126. Calculate k(q).
-17
Let m(t) be the third derivative of -t**6/360 - t**5/40 - 82*t**3/3 - t**2 + 4*t. Let k(q) be the first derivative of m(q). Determine k(-3).
0
Suppose l + 8 = 20. Let n = l + -8. Let k(m) = -9*m - 2 + 7 - m**2 - n. Determine k(-7).
15
Let f(g) = 2*g + 7. Suppose 3*i = -0*i + 4*p + 7, 3*p + 12 = 0. Let s(x) = 5*x + 15. Let q(j) = i*s(j) + 7*f(j). Suppose 5*z + 5 = 40. Calculate q(z).
-3
Let u be -1 + 118 - (21 + -18).